te the remainder when x is divided by 6.
3
Suppose -3960 = -6*o - 38*o. Calculate the remainder when 809 is divided by o.
89
Let j(y) = -y**2 + 16*y - 11. Let f = 26 - 18. What is the remainder when j(14) is divided by 1/10*f*5?
1
Suppose 0 = -2*p - c - 1, -1 = -4*p + 2*c + 9. Let h be 16/((1 + -2)/p). Calculate the remainder when 88 is divided by (-296)/h + (-2)/4.
16
Suppose -n + 65 = 4*n - 4*x, -2*n + 26 = -4*x. What is the remainder when 126 is divided by n?
9
Let a = 16697 + -16630. Calculate the remainder when a is divided by 14/1 - (0 + 0).
11
Suppose -22*t - 574 = -36*t. What is the remainder when 144 is divided by t?
21
Let g(d) = -2*d**2 + 11*d + 13. What is the remainder when 27 is divided by g(6)?
6
Suppose -3*n - 32 = 2*n - 4*v, -4*v - 4 = 4*n. Let i be (-2 - n)*7/2. Suppose i*r = 4*r + 69. Calculate the remainder when r is divided by 8.
7
Let n = 23 + -16. Let c(t) = 29*t - 19. Calculate the remainder when c(1) is divided by n.
3
Suppose 0 = -m + 9 - 4. Suppose 0 = -m*l + 6*l. Suppose -n = j - 2*j + 14, -j + 3*n + 6 = l. What is the remainder when 51 is divided by j?
15
Let x = 15 + -4. Suppose 3*a = 3*i + 6, a + 2*a = 4*i + 6. What is the remainder when 2/a + 205/5 is divided by x?
9
Let v = 13 - 4. What is the remainder when (754/(-65) - 12/(-1)) + 506/10 is divided by v?
6
Suppose 4017 = 25*l + 14*l. Calculate the remainder when 196 is divided by l.
93
Suppose 0 = -5*u + 5*s + 210, 9*u + 5*s + 30 = 10*u. Calculate the remainder when 1123 is divided by u.
43
Suppose m + 13 = 5*d + 58, d = 3*m - 93. Let v = m - 21. What is the remainder when 41 is divided by v?
5
Let i(t) = 3*t**2 + 5*t - 3. Let o be i(3). Let v be (o/(-15) + 3)*10. Suppose -4*l = v*g + 4, -4*l = g - 0*g - 5. What is the remainder when 7 is divided by l?
1
Suppose 1246*v = 1255*v - 45. What is the remainder when 7 is divided by v?
2
Let d = -2 - 1. Let w(t) = t**2 + 24*t + 81. Let k be w(-21). Let m = k + d. What is the remainder when 27 is divided by m?
12
Let f(m) = -2*m**3 - 6*m**2 + 9*m - 39. Calculate the remainder when f(-5) is divided by -1 + 10 + 0/(-3).
7
Calculate the remainder when (-4 + 2)*(-2 + -13) is divided by (11/((-88)/32) - -10) + 2.
6
Suppose 13*v - 158 = 11*v + b, -2*v - 2*b = -152. Suppose -3*k - 11 = -2*k. What is the remainder when v is divided by (1 - (0 - k))*-2?
18
Let a(w) = w**2 - 11*w + 28. What is the remainder when 123 is divided by a(11)?
11
Let g(i) = -4*i**3 - i**3 + 15*i**2 + 7*i**3 + 9*i - i**3 - 12. Calculate the remainder when g(-14) is divided by 15.
13
Let a = -55 + 79. Suppose 0 = -l + 38 - a. Let o(j) = -j**3 + j**2 - j + 8. Calculate the remainder when l is divided by o(0).
6
Suppose 4*l - 11*m = -9*m + 238, -5*l + m + 305 = 0. What is the remainder when l is divided by 7?
6
Let s(m) = -m**3 - 17*m**2 - 18*m - 11. Let n(y) = y**3 + 11*y**2 - 16. Let a be n(-11). Calculate the remainder when 31 is divided by s(a).
10
Suppose 5*b + 570 = -3*v, -6*b + 10*b + 456 = -v. What is the remainder when 24 is divided by -2*(b/12 + 5)?
6
Let q = 457 + -445. Calculate the remainder when 103 is divided by q.
7
Suppose 3 = -7*l + 2089. What is the remainder when l is divided by 43?
40
Let j(a) = -2*a**2 - 4*a - 2. Let o be j(6). Let v = -64 - o. Let l = -136 + 270. What is the remainder when l is divided by v?
32
Let s(i) = -i**3 + 14*i**2 - 8*i + 53. What is the remainder when s(11) is divided by 111?
106
Suppose -19*p + 176 = -14. Suppose p = -2*u, 4*g = -g + u + 45. Calculate the remainder when 39 is divided by g.
7
Suppose 0 = -0*v + v - 13. Suppose 4*u - 32 = -4. What is the remainder when v is divided by u?
6
Suppose 115 = -4*x - 405. Let p = x + 217. Calculate the remainder when p is divided by 44.
43
Let x = 3 - -7. Let d = x + 3. Calculate the remainder when 62 is divided by d.
10
Let u = -4 + 20. Suppose 6 = n + u. Calculate the remainder when 4/n + (-651)/(-15) is divided by 16.
11
Suppose 14 + 7 = -3*z. Calculate the remainder when 65 is divided by (-3)/1 + (18 - z).
21
Let q = 26 - 15. Suppose -q = 3*u - 68. What is the remainder when 112 is divided by u?
17
Let u(m) = -m**2 + 20*m - 19. Calculate the remainder when 60 is divided by u(18).
9
Let r(s) = 12*s**2 + 3*s + 2. Calculate the remainder when 135 is divided by r(-2).
3
Suppose 2*g - 5*g - 21 = 0. Let t(p) = -8*p - 8. Suppose -4*u + 64 = -3*m, -u + 5*m = -34 + 1. Calculate the remainder when t(g) is divided by u.
9
Suppose -12*o + 10*o = 26. Let v(s) = -s - 10. What is the remainder when v(o) is divided by 1?
0
Let l = -40 + 60. Suppose 0*q - 18 = -3*q. Suppose -q*n + 3*n + 22 = 2*d, -11 = -d + 2*n. What is the remainder when l is divided by d?
9
Suppose y - 5*y = -4*z - 196, 4*y + 3*z - 168 = 0. What is the remainder when 629 is divided by y?
44
Suppose -x = -6*x + 455. Calculate the remainder when x is divided by (9/(-6))/(3/(-46)).
22
Let f(k) = 35*k**3 - 3*k**2 + k + 1. Let m be f(1). Suppose l = -l + 4*w + m, 0 = -2*l - 3*w + 41. What is the remainder when 54 is divided by l?
16
Suppose -o - 2*x - 2 = 0, 0 = 3*o - 4*o + 4*x + 22. Calculate the remainder when 15 is divided by o.
3
Let q(w) = w**3 + 15*w**2 - 13*w - 104. What is the remainder when q(-13) is divided by 105?
88
Suppose -54*b + 206 + 442 = 0. Calculate the remainder when 414 is divided by b.
6
Let s = 11 + 23. Suppose 5*w = 4*w + 5. Suppose 3*u - w*a - 35 = -3*a, 3*u + a - 23 = 0. Calculate the remainder when s is divided by u.
7
Let u(h) = -h**3 - 9*h**2 - h - 12. Let v = -15 - -6. Let i be u(v). Calculate the remainder when 24 + (4 + -7)/i is divided by 13.
12
Let t be 2/3*429/26. Suppose -2*l = c + 14, -3*l + t = 2*c + 30. Let x = l + 13. Calculate the remainder when 15 is divided by x.
3
Calculate the remainder when (-5 - -23) + (1 - (-4 - 0)) is divided by 17.
6
Let c be -2 + 65/9 + (-6)/27. Suppose 78 = 3*z + 5*k, 104 = -z + c*z - 2*k. What is the remainder when 154 is divided by z?
24
Suppose 2*k - 2829 = -x, -2*k = -0*k - 5*x - 2799. What is the remainder when k is divided by 24?
20
Suppose -1000 = -4*m - 5*r, -2*m + 3*r + 233 = -m. Suppose l = 6*l - m. Let w(y) = y**3 - 3*y**2 - 3*y + 13. Calculate the remainder when l is divided by w(4).
15
Let l = 118 + -104. Suppose -152 = -16*d + l*d. What is the remainder when d is divided by 13?
11
What is the remainder when 592 is divided by (2 + 10/4)*22/3?
31
Let x(d) be the third derivative of d**5/10 + 5*d**4/24 + 4*d**3/3 - 12*d**2. What is the remainder when x(-5) is divided by 27?
25
Suppose 189 = 32*l - 59*l. Let r(x) = 0*x**3 - 7 + 7*x - 5*x**2 - 1 - x**3. Calculate the remainder when r(l) is divided by 14.
13
Suppose -129 = -3*f - 2*l + 65, -5*f - 4*l = -326. What is the remainder when 181 is divided by f?
57
Let l = -85 + 95. What is the remainder when 99 is divided by l?
9
Suppose -112*l = -111*l - 217. Calculate the remainder when l is divided by 22.
19
Suppose -5*j + n = -27, n + 3*n - 17 = -5*j. Let r be 0/(-1 - 0/1). Let u = j - r. What is the remainder when u is divided by 3?
2
Suppose 3*v + 2 = -0*v - 2*h, -2*v + 2*h = -2. Suppose 5 = n - v*n. Suppose i = n*i - 12. Calculate the remainder when 3 is divided by i.
0
Let p(v) = -v**3 - v - 2. Let l(q) = q**3 - 8*q**2 - 9*q - 4. Let i(j) = -l(j) - 2*p(j). What is the remainder when i(-6) is divided by 9?
5
Suppose 9*c - 44 = 64. Calculate the remainder when 70 is divided by c.
10
Suppose 4*q - 6 = 46. Let t = 545 + -483. Calculate the remainder when t is divided by q.
10
Suppose 17*s + 235 = 1085. Suppose -45*j + s*j - 620 = 0. What is the remainder when j is divided by 32?
28
Let p(a) = a**2 + 16*a + 14. Let o be p(-15). Let x be 7 - (-1 + 3 + o). Let t = x - 2. What is the remainder when 7 is divided by t?
3
Suppose -3*r + 7*n + 578 = 5*n, -r = 5*n - 187. What is the remainder when r is divided by 62?
6
Let h = 496 - 217. What is the remainder when 29 is divided by 4/(-14) - h/(-21)?
3
Suppose -378 = -9*d - 36. What is the remainder when d is divided by 9?
2
Let h = -50 + 60. Calculate the remainder when 2/((1/13)/((-6)/(-12))) is divided by h.
3
Suppose -3*p + 4*f + 59 = 0, 5*p = f - 7 + 77. Calculate the remainder when 193 is divided by p.
11
Let z = 9 + 14. Suppose 7 = -4*c - 1. What is the remainder when (-609)/(-9) + c/3 is divided by z?
21
Suppose -u + 138 = 5*u. Calculate 